base 3) to base 6.
1031
What is 33540 (base 7) in base 16?
2139
-410411 (base 5) to base 4
-3032233
Convert -4a9 (base 12) to base 2.
-1011000001
-1147 (base 14) to base 10
-3003
Convert -21466 (base 7) to base 13.
-25b7
6622 (base 11) to base 7
34320
Convert -166 (base 7) to base 2.
-1100001
20222220 (base 3) to base 5
130400
60737 (base 8) to base 2
110000111011111
What is 122122221 (base 3) in base 7?
52354
What is 10003 (base 4) in base 11?
216
161d (base 15) to base 2
1001010010001
Convert -350542 (base 6) to base 3.
-1112011122
-1529 (base 13) to base 12
-1945
Convert 22010121 (base 3) to base 14.
2237
502a (base 14) to base 6
143410
Convert 6095 (base 13) to base 11.
9aa5
-3942 (base 16) to base 6
-151510
What is 50403 (base 8) in base 14?
77b5
Convert 447 (base 10) to base 8.
677
2419 (base 11) to base 6
22354
Convert -32110012 (base 4) to base 15.
-1258a
3611 (base 9) to base 3
10200101
5514 (base 11) to base 16
1c6b
Convert 31045 (base 6) to base 13.
1b5c
-1244 (base 10) to base 7
-3425
Convert 50 (base 15) to base 13.
5a
What is -3223 (base 4) in base 5?
-1420
What is -8a1 (base 12) in base 8?
-2371
231 (base 13) to base 5
3003
Convert 36707 (base 8) to base 7.
64052
359 (base 10) to base 4
11213
1321001 (base 6) to base 14
1c757
4333 (base 12) to base 13
348c
-40 (base 5) to base 12
-18
Convert -30002 (base 5) to base 9.
-2515
aa4 (base 12) to base 4
120130
What is -20b (base 12) in base 5?
-2144
What is 132103 (base 4) in base 15?
894
-11201 (base 3) to base 16
-7f
Convert -1125 (base 8) to base 14.
-309
What is 34010 (base 5) in base 13?
1111
Convert -4645 (base 7) to base 11.
-1305
Convert -43145 (base 7) to base 15.
-3295
615 (base 14) to base 9
1567
What is -541 (base 7) in base 2?
-100010010
Convert 730 (base 13) to base 15.
567
What is -15263 (base 15) in base 11?
-47138
What is 8f0b (base 16) in base 7?
211522
Convert -2445 (base 10) to base 15.
-ad0
Convert 510 (base 9) to base 2.
110011110
Convert 10001100010 (base 2) to base 15.
4ec
What is -100002110 (base 3) in base 9?
-10073
Convert -21024 (base 5) to base 16.
-56d
What is -21000210 (base 3) in base 2?
-1010000000100
-46273 (base 9) to base 4
-13201332
What is -126160 (base 7) in base 4?
-11303032
-9606 (base 15) to base 5
-2003411
-38 (base 13) to base 5
-142
What is -306 (base 12) in base 10?
-438
-580 (base 9) to base 5
-3402
What is 18a6 (base 13) in base 11?
2850
What is -3b24 (base 13) in base 12?
-4aa8
3101 (base 4) to base 3
21202
What is 2a1 (base 11) in base 7?
1013
2232323 (base 4) to base 7
44432
-534 (base 16) to base 2
-10100110100
Convert -201001 (base 3) to base 11.
-428
What is 1132 (base 4) in base 15?
64
What is -33653 (base 9) in base 16?
-5784
Convert -1011001001000101 (base 2) to base 7.
-250024
Convert -11000 (base 5) to base 11.
-622
Convert -95a (base 13) to base 16.
-63c
What is -54a (base 11) in base 15?
-2de
-869 (base 11) to base 15
-498
What is -df8 (base 16) in base 4?
-313320
What is -10769 (base 12) in base 9?
-32840
11001111111100 (base 2) to base 15
3e23
What is -100100010 (base 2) in base 15?
-145
What is 32 (base 6) in base 12?
18
Convert 7434 (base 8) to base 11.
29a7
What is 60884 (base 9) in base 2?
1001110010011010
What is -102 (base 7) in base 12?
-43
Convert 64b (base 13) to base 14.
56d
Convert -887 (base 15) to base 11.
-14a2
Convert -3356 (base 7) to base 12.
-855
What is 201 (base 11) in base 2?
11110011
What is -3201020 (base 4) in base 11?
-a909
100402 (base 6) to base 5
223142
Convert -548 (base 12) to base 9.
-1052
What is -202021100 (base 3) in base 4?
-3212322
1a8 (base 12) to base 5
2042
What is 399e (base 16) in base 13?
6938
What is -1010 (base 7) in base 3?
-110222
-431240 (base 5) to base 11
-aa46
What is 132304 (base 5) in base 15?
18a4
Convert -11301 (base 5) to base 15.
-3a1
2134 (base 10) to base 14
ac6
-101100 (base 2) to base 16
-2c
Convert 111110010001 (base 2) to base 6.
30241
What is 1000011100 (base 2) in base 13?
327
What is 10102211 (base 3) in base 13?
11aa
What is -95c7 (base 13) in base 11?
-14682
Convert 133121 (base 7) to base 2.
110001000001111
Convert 1111010011110000 (base 2) to base 5.
4001304
What is 14199 (base 10) in base 2?
11011101110111
Convert 1221110 (base 3) to base 10.
1416
Convert 490 (base 16) to base 3.
1121021
What is -12122111 (base 3) in base 15?
-1347
Convert 230211 (base 4) to base 2.
101100100101
-752d (base 14) to base 6
-233353
-1307 (base 10) to base 8
-2433
What is -310 (base 16) in base 9?
-1061
1205 (base 10) to base 11
9a6
What is 10252 (base 7) in base 4?
213220
Convert -3041 (base 9) to base 7.
-6325
-11a08 (base 11) to base 10
-17190
What is 47851 (base 10) in base 11?
32a51
10022020 (base 3) to base 7
10011
What is -14715 (base 8) in base 2?
-1100111001101
-586 (base 15) to base 5
-20001
Convert 109 (base 13) to base 9.
217
What is -91e (base 16) in base 4?
-210132
What is -1012202 (base 4) in base 9?
-6165
-20d (base 14) to base 8
-625
What is -36e (base 16) in base 6?
-4022
What is 2dc (base 14) in base 6?
2414
220023 (base 7) to base 11
2696a
Convert 1430 (base 6) to base 9.
460
-22679 (base 10) to base 12
-1115b
1001302 (base 4) to base 15
13aa
ba0 (base 13) to base 11
1549
Convert -4956 (base 12) to base 3.
-102100110
Convert -2298 (base 11) to base 9.
-4115
Convert 39c (base 13) to base 12.
450
What is -518 (base 10) in base 16?
-206
What is 92a6 (base 11) in base 5?
343322
4269 (base 14) to base 6
125021
-16031 (base 7) to base 5
-120411
Convert b533 (base 14) to base 11.
214a2
14013 (base 7) to base 15
11c3
241 (base 6) to base 7
166
Convert 122241 (base 5) to base 6.
33424
Convert 2000111 (base 4) to base 11.
6197
What is 40103 (base 9) in base 3?
1100010010
What is 62053 (base 7) in base 9?
22671
Convert 847 (base 9) to base 6.
3111
Convert 203214 (base 5) to base 9.
10146
-71 (base 14) to base 4
-1203
Convert 1200310 (base 4) to base 3.
22111111
408f (base 16) to base 14
6047
Convert 1144a (base 11) to base 10.
16510
Convert -17bc (base 15) to base 16.
-1407
Convert 30507 (base 10) to base 5.
1434012
Convert -1113320 (base 4) to base 2.
-1010111111000
Convert -1658 (base 12) to base 4.
-221210
11333 (base 5) to base 8
1513
Convert -4361 (base 8) to base 12.
-13a9
Convert 11212012 (base 3) to base 13.
17c6
Convert -6ae (base 16) to base 6.
-11530
What is -102603 (base 8) in base 9?
-51786
Convert 212021002 (base 3) to base 5.
1020313
Convert -1087 (base 13) to base 10.
-2308
What is 3fd (base 16) in base 13?
607
37 (base 13) to base 2
101110
10001011011000 (base 2) to base 8
21330
Convert -3202042 (base 5) to base 11.
-37133
Convert 725 (base 11) to base 7.
2356
Convert 62c (base 15) to base 7.
4026
Convert 1113112 (base 4) to base 16.
15d6
What is -a10 (base 12) in base 4?
-112230
320 (base 7) to base 11
137
What is -99 (base 13) in base 14?
-90
1111101 (base 4) to base 11
4111
2719 (base 16) to base 9
14651
Convert -40e0 (base 15) to base 16.
-358e
Convert -11234 (base 5) to base 3.
-1010100
Convert 52 (base 6) to base 3.
1012
What is -dd26 (base 14) in base 4?
-21111232
What is -b403 (base 12) in base 14?
-71d1
-2029 (base 11) to base 15
-be8
Convert 1022331 (base 5) to base 12.
9b68
What is -1011001111110000 (base 2) in base 9?
-70162
-11251 (base 11) to base 12
-94ba
What is -1103 (base 16) in base 9?
-5868
What is 2b7 (base 14) in base 12?
3a1
Convert 11111002 (base 4) to base 6.
245014
What is -111001111110 (base 2) in base 12?
-2192
-484 (base 14) to base 11
-749
What is -3a7 (base 13) in base 6?
-2552
What is -1031 (base 9) in base 2?
-1011110101
-1212001011 (base 3) to base 10
-36481
What is -15203 (base 6) in base 8?
-4623
What is 6452 (base 8) in base 4?
310222
What is -3261 (base 12) in base 6?
-41401
-171 (base 14) to base 3
-101221
2bd (base 15) to base 10
628
What is 22388 (base 9) in base 11?
10219
What is -78 (base 12) in base 11?
-84
-4126 (base 9) to base 16
-bcd
Convert -36 (base 15) to base 4.
-303
afc3 (base 16) to base 10
44995
22a4 (base 11) to base 9
4123
2000032 (base 4) to base 2
10000000001110
311020 (base 4) to base 3
11122221
Convert -3663 (base 7) to base 15.
-613
227 (base 10) to base 6
1015
What is 7308 (base 16) in base 15?
8ad3
Convert 120b4 (base 12) to base 10.
24328
Convert -281b (base 13) to base 15.
-1a9a
